{"id":359,"date":"2020-11-13T14:49:14","date_gmt":"2020-11-13T13:49:14","guid":{"rendered":"http:\/\/tugceacemoglu.com\/?page_id=359"},"modified":"2024-10-22T15:34:18","modified_gmt":"2024-10-22T14:34:18","slug":"eng-short-cv","status":"publish","type":"page","link":"https:\/\/tugceacemoglu.com\/index.php\/eng-short-cv\/","title":{"rendered":"Short CV"},"content":{"rendered":"\n<p>As of 2013, I&#8217;ve been working with adults and young adults with a psychodynamic \/ psychoanalytic orientation. I currently live in Spain and continue my work in Turkish, English and French over the internet and face to face in a therapy center in Barcelona. In addition to my individual work with the adults and young adults, I conduct reading groups on parenting. Please click <a rel=\"noreferrer noopener\" href=\"http:\/\/tugceacemoglu.com\/index.php\/work-areas\/\" data-type=\"page\" data-id=\"361\" target=\"_blank\">here<\/a> for the fields I work in and <a rel=\"noreferrer noopener\" href=\"http:\/\/tugceacemoglu.com\/index.php\/eng-online-process\/\" data-type=\"page\" data-id=\"362\" target=\"_blank\">here<\/a> for information about the online therapy process.<\/p>\n\n\n\n<p>I completed my thesis titled &#8220;The Role of Attachment Styles and Shame-Proneness in Relationship Models&#8221; during my MA in Clinical Psychology, which I started at Istanbul Bilgi University, and graduated in June 2014.<\/p>\n\n\n\n<p>I completed my thesis titled &#8220;Cinema as a Therapeutic Mediation in Adolescence&#8221; and graduated in November 2019 in my PhD in Clinical Psychology, which I started at University Lumi\u00e8re Lyon 2 in France.<\/p>\n\n\n\n<p>Click <a href=\"http:\/\/tugceacemoglu.com\/index.php\/detailed-cv\/\" data-type=\"page\" data-id=\"360\">here<\/a> for my CV in detail.<\/p>\n\n\n\n<p>Click <a href=\"http:\/\/linkedin.com\/in\/tu\u011f\u00e7e-toku\u015f-acemo\u011flu-19897416\" target=\"_blank\" rel=\"noreferrer noopener\">here<\/a> for Linkedin.<\/p>\n\n\n\n<p>Back to <a href=\"http:\/\/tugceacemoglu.com\/index.php\/in-english\/\" data-type=\"page\" data-id=\"212\">Home page<\/a>.<\/p>\n","protected":false},"excerpt":{"rendered":"<p>As of 2013, I&#8217;ve been working with adults and young adults with a psychodynamic \/ psychoanalytic orientation. I currently live in Spain and continue my work in Turkish, English and French over the internet and face to face in a therapy center in Barcelona. In addition to my individual work with the adults and young [&hellip;]<\/p>\n","protected":false},"author":1,"featured_media":0,"parent":0,"menu_order":0,"comment_status":"closed","ping_status":"closed","template":"","meta":[],"_links":{"self":[{"href":"https:\/\/tugceacemoglu.com\/index.php\/wp-json\/wp\/v2\/pages\/359"}],"collection":[{"href":"https:\/\/tugceacemoglu.com\/index.php\/wp-json\/wp\/v2\/pages"}],"about":[{"href":"https:\/\/tugceacemoglu.com\/index.php\/wp-json\/wp\/v2\/types\/page"}],"author":[{"embeddable":true,"href":"https:\/\/tugceacemoglu.com\/index.php\/wp-json\/wp\/v2\/users\/1"}],"replies":[{"embeddable":true,"href":"https:\/\/tugceacemoglu.com\/index.php\/wp-json\/wp\/v2\/comments?post=359"}],"version-history":[{"count":15,"href":"https:\/\/tugceacemoglu.com\/index.php\/wp-json\/wp\/v2\/pages\/359\/revisions"}],"predecessor-version":[{"id":825,"href":"https:\/\/tugceacemoglu.com\/index.php\/wp-json\/wp\/v2\/pages\/359\/revisions\/825"}],"wp:attachment":[{"href":"https:\/\/tugceacemoglu.com\/index.php\/wp-json\/wp\/v2\/media?parent=359"}],"curies":[{"name":"wp","href":"https:\/\/api.w.org\/{rel}","templated":true}]}}