{"id":33,"date":"2020-10-26T00:09:04","date_gmt":"2020-10-26T00:09:04","guid":{"rendered":"http:\/\/tugceacemoglu.com\/?page_id=33"},"modified":"2021-04-05T20:14:43","modified_gmt":"2021-04-05T19:14:43","slug":"iletisim","status":"publish","type":"page","link":"https:\/\/tugceacemoglu.com\/index.php\/iletisim\/","title":{"rendered":"\u0130leti\u015fim i\u00e7in"},"content":{"rendered":"\n<p>Bana a\u015fa\u011f\u0131daki kanallardan sorular\u0131n\u0131z\u0131 iletebilir, randevu talebinde bulunabilir veya <a rel=\"noreferrer noopener\" href=\"https:\/\/calendly.com\/tugceacemoglu\" data-type=\"URL\" data-id=\"https:\/\/calendly.com\/tugceacemoglu\" target=\"_blank\">buradan<\/a> \u00f6n g\u00f6r\u00fc\u015fme randevusu alabilirsiniz.<\/p>\n\n\n\n<p>Telefon:<br>+34 644 948 626 (WhatsApp&#8217;tan ula\u015fabilirsiniz.)<\/p>\n\n\n<p>Mail:<br \/><img loading=\"lazy\" width=\"226\" height=\"28\" class=\"wp-image-46\" src=\"http:\/\/tugceacemoglu.com\/wp-content\/uploads\/2020\/10\/Screenshot-2020-10-26-at-01.08.27.png\" alt=\"\" \/><\/p>\n\n\n<p>\u0130nternet \u00fczerinden g\u00f6r\u00fc\u015fme s\u00fcreci hakk\u0131nda bilgi i\u00e7in <a rel=\"noreferrer noopener\" href=\"http:\/\/tugceacemoglu.com\/index.php\/internet-uzerinden-terapi-nasil-ayarlaniyor-nasil-basliyor-nasil-ilerliyor\/\" target=\"_blank\">t\u0131klay\u0131n\u0131z<\/a>.<\/p>\n","protected":false},"excerpt":{"rendered":"<p>Bana a\u015fa\u011f\u0131daki kanallardan sorular\u0131n\u0131z\u0131 iletebilir, randevu talebinde bulunabilir veya buradan \u00f6n g\u00f6r\u00fc\u015fme randevusu alabilirsiniz. Telefon:+34 644 948 626 (WhatsApp&#8217;tan ula\u015fabilirsiniz.) Mail: \u0130nternet \u00fczerinden g\u00f6r\u00fc\u015fme s\u00fcreci hakk\u0131nda bilgi i\u00e7in t\u0131klay\u0131n\u0131z.<\/p>\n","protected":false},"author":1,"featured_media":0,"parent":0,"menu_order":0,"comment_status":"closed","ping_status":"closed","template":"","meta":[],"_links":{"self":[{"href":"https:\/\/tugceacemoglu.com\/index.php\/wp-json\/wp\/v2\/pages\/33"}],"collection":[{"href":"https:\/\/tugceacemoglu.com\/index.php\/wp-json\/wp\/v2\/pages"}],"about":[{"href":"https:\/\/tugceacemoglu.com\/index.php\/wp-json\/wp\/v2\/types\/page"}],"author":[{"embeddable":true,"href":"https:\/\/tugceacemoglu.com\/index.php\/wp-json\/wp\/v2\/users\/1"}],"replies":[{"embeddable":true,"href":"https:\/\/tugceacemoglu.com\/index.php\/wp-json\/wp\/v2\/comments?post=33"}],"version-history":[{"count":30,"href":"https:\/\/tugceacemoglu.com\/index.php\/wp-json\/wp\/v2\/pages\/33\/revisions"}],"predecessor-version":[{"id":675,"href":"https:\/\/tugceacemoglu.com\/index.php\/wp-json\/wp\/v2\/pages\/33\/revisions\/675"}],"wp:attachment":[{"href":"https:\/\/tugceacemoglu.com\/index.php\/wp-json\/wp\/v2\/media?parent=33"}],"curies":[{"name":"wp","href":"https:\/\/api.w.org\/{rel}","templated":true}]}}